{"id":53,"date":"2026-02-11T23:01:51","date_gmt":"2026-02-11T22:01:51","guid":{"rendered":"http:\/\/aodeia.fr\/?page_id=53"},"modified":"2026-03-22T22:43:40","modified_gmt":"2026-03-22T21:43:40","slug":"la-lyre-oubliee","status":"publish","type":"page","link":"https:\/\/aodeia.fr\/index.php\/la-lyre-oubliee\/","title":{"rendered":"La Lyre oubli\u00e9e"},"content":{"rendered":"\n<h1 class=\"wp-block-heading\" style=\"padding-top:var(--wp--preset--spacing--40);padding-bottom:var(--wp--preset--spacing--40)\"><em>La Lyre oubli\u00e9e<\/em><\/h1>\n\n\n\n<div class=\"wp-block-columns alignwide is-layout-flex wp-container-core-columns-is-layout-28f84493 wp-block-columns-is-layout-flex\">\n<div class=\"wp-block-column is-layout-flow wp-block-column-is-layout-flow\" style=\"flex-basis:100%\">\n<div class=\"wp-block-group alignwide is-content-justification-center is-nowrap is-layout-flex wp-container-core-group-is-layout-dbfd75ac wp-block-group-is-layout-flex\" style=\"margin-bottom:var(--wp--preset--spacing--30)\">\n<div class=\"wp-block-group has-global-padding is-layout-constrained wp-block-group-is-layout-constrained\">\n<p><em>La lyre oubli\u00e9e<\/em> est une \u0153uvre qui est propos\u00e9e en deux versions :<\/p>\n\n\n\n<ul class=\"wp-block-list\">\n<li>En prestation par un duo acoustique<\/li>\n\n\n\n<li>En spectacle complet pour ch\u0153ur \u00e0 deux voix \u00e9gales<\/li>\n<\/ul>\n<\/div>\n\n\n\n<div class=\"wp-block-columns is-layout-flex wp-container-core-columns-is-layout-28f84493 wp-block-columns-is-layout-flex\">\n<div class=\"wp-block-column is-layout-flow wp-block-column-is-layout-flow\"><\/div>\n<\/div>\n\n\n\n<figure class=\"wp-block-image size-medium\"><img loading=\"lazy\" decoding=\"async\" width=\"300\" height=\"131\" src=\"http:\/\/aodeia.fr\/wp-content\/uploads\/2026\/02\/Gemini_Generated_Image_f64te6f64te6f64t-2-300x131.png\" alt=\"\" class=\"wp-image-27\" style=\"object-fit:cover\" srcset=\"https:\/\/aodeia.fr\/wp-content\/uploads\/2026\/02\/Gemini_Generated_Image_f64te6f64te6f64t-2-300x131.png 300w, https:\/\/aodeia.fr\/wp-content\/uploads\/2026\/02\/Gemini_Generated_Image_f64te6f64te6f64t-2-1024x448.png 1024w, https:\/\/aodeia.fr\/wp-content\/uploads\/2026\/02\/Gemini_Generated_Image_f64te6f64te6f64t-2-768x336.png 768w, https:\/\/aodeia.fr\/wp-content\/uploads\/2026\/02\/Gemini_Generated_Image_f64te6f64te6f64t-2.png 1536w\" sizes=\"auto, (max-width: 300px) 100vw, 300px\" \/><\/figure>\n<\/div>\n<\/div>\n<\/div>\n\n\n\n<div class=\"wp-block-group alignfull has-background has-global-padding is-layout-constrained wp-container-core-group-is-layout-cd6163fc wp-block-group-is-layout-constrained\" style=\"background-color:#cfcabe70;margin-top:0;margin-bottom:0;padding-top:var(--wp--preset--spacing--10);padding-right:var(--wp--preset--spacing--50);padding-bottom:var(--wp--preset--spacing--10);padding-left:var(--wp--preset--spacing--50)\">\n<div class=\"wp-block-columns alignwide is-layout-flex wp-container-core-columns-is-layout-1da03c2a wp-block-columns-is-layout-flex\">\n<div class=\"wp-block-column is-vertically-aligned-stretch is-layout-flow wp-block-column-is-layout-flow\" style=\"flex-basis:50%\">\n<div class=\"wp-block-group is-vertical is-content-justification-stretch is-layout-flex wp-container-core-group-is-layout-444d5ee8 wp-block-group-is-layout-flex\" style=\"min-height:100%\">\n<div class=\"wp-block-group has-global-padding is-layout-constrained wp-block-group-is-layout-constrained\">\n<h2 class=\"wp-block-heading\">L&rsquo;histoire<\/h2>\n\n\n\n<p>Royaume de Thraces, \u00e9poque myc\u00e9nienne (env. 1500 avant notre \u00e8re).<\/p>\n\n\n\n<p>Un jeune homme se pr\u00e9pare \u00e0 partir. Il est le fils du roi Oeagre et devra un jour prendre sa suite pour diriger le royaume de Thraces.<\/p>\n\n\n\n<p>Avant cela, il doit compl\u00e9ter sa formation dans la cit\u00e9 de Myc\u00e8nes. Il s\u2019agit d\u2019un long voyage et d\u2019un exil loin des siens.<\/p>\n\n\n\n<p>Lors d\u2019une \u00e9tape au sanctuaire de Dodone, le voyage prend une tournure inattendue. Une rencontre va changer la vie du jeune homme. Plus aucun retour en arri\u00e8re ne sera possible.<\/p>\n\n\n\n<p>Le jeune homme s&rsquo;appelle Orph\u00e9e. Il s\u2019agit de son histoire avant la l\u00e9gende.<\/p>\n<\/div>\n<\/div>\n<\/div>\n\n\n\n<div class=\"wp-block-column is-vertically-aligned-center is-layout-flow wp-block-column-is-layout-flow\" style=\"flex-basis:50%\">\n<figure class=\"wp-block-image size-large is-style-rounded is-style-rounded--1\"><img loading=\"lazy\" decoding=\"async\" width=\"1024\" height=\"572\" src=\"http:\/\/aodeia.fr\/wp-content\/uploads\/2026\/02\/Bord-de-fenetre_RVB-1024x572.png\" alt=\"\" class=\"wp-image-45\" srcset=\"https:\/\/aodeia.fr\/wp-content\/uploads\/2026\/02\/Bord-de-fenetre_RVB-1024x572.png 1024w, https:\/\/aodeia.fr\/wp-content\/uploads\/2026\/02\/Bord-de-fenetre_RVB-300x167.png 300w, https:\/\/aodeia.fr\/wp-content\/uploads\/2026\/02\/Bord-de-fenetre_RVB-768x429.png 768w, https:\/\/aodeia.fr\/wp-content\/uploads\/2026\/02\/Bord-de-fenetre_RVB.png 1376w\" sizes=\"auto, (max-width: 1024px) 100vw, 1024px\" \/><\/figure>\n<\/div>\n<\/div>\n\n\n\n<div class=\"wp-block-group has-global-padding is-layout-constrained wp-container-core-group-is-layout-86dba5ee wp-block-group-is-layout-constrained\" style=\"border-width:1px;border-top-left-radius:10px;border-top-right-radius:10px;border-bottom-left-radius:10px;border-bottom-right-radius:10px;padding-top:var(--wp--preset--spacing--10);padding-right:var(--wp--preset--spacing--10);padding-bottom:var(--wp--preset--spacing--10);padding-left:var(--wp--preset--spacing--10)\">\n<p><em>L\u2019histoire reprend le parcours du jeune homme dans un contexte plausible de l\u2019\u00e9poque myc\u00e9nienne (entre 1600 et 1200 avant notre \u00e8re). <\/em><\/p>\n\n\n\n<p><em>C\u2019est la p\u00e9riode \u00e0 laquelle auraient v\u00e9cus les h\u00e9ros grecs : Pers\u00e9e vainquant la m\u00e9duse, l\u2019\u00e9pop\u00e9e de Jason et des Argonautes, la guerre de Troie et le retour d\u2019Ulysse,&#8230;<\/em><\/p>\n<\/div>\n<\/div>\n\n\n\n<div class=\"wp-block-group alignfull has-global-padding is-layout-constrained wp-block-group-is-layout-constrained\" style=\"margin-top:var(--wp--preset--spacing--30);margin-bottom:var(--wp--preset--spacing--40)\">\n<h2 class=\"wp-block-heading\">Teaser<\/h2>\n\n\n\n<figure class=\"wp-block-embed is-type-video is-provider-youtube wp-block-embed-youtube wp-embed-aspect-16-9 wp-has-aspect-ratio\"><div class=\"wp-block-embed__wrapper\">\n<iframe loading=\"lazy\" title=\"AODEIA - La lyre oubli\u00e9e (teaser)\" width=\"500\" height=\"281\" src=\"https:\/\/www.youtube.com\/embed\/bhHHppU6TE4?feature=oembed\" frameborder=\"0\" allow=\"accelerometer; autoplay; clipboard-write; encrypted-media; gyroscope; picture-in-picture; web-share\" referrerpolicy=\"strict-origin-when-cross-origin\" allowfullscreen><\/iframe>\n<\/div><\/figure>\n<\/div>\n\n\n\n<div class=\"wp-block-group alignfull has-background has-global-padding is-layout-constrained wp-container-core-group-is-layout-2df14bad wp-block-group-is-layout-constrained\" style=\"background-color:#b5bdbca1;margin-top:0;margin-bottom:0;padding-top:var(--wp--preset--spacing--10);padding-right:var(--wp--preset--spacing--50);padding-bottom:var(--wp--preset--spacing--10);padding-left:var(--wp--preset--spacing--50)\">\n<div class=\"wp-block-columns alignwide is-layout-flex wp-container-core-columns-is-layout-549b0c86 wp-block-columns-is-layout-flex\">\n<div class=\"wp-block-column has-global-padding is-content-justification-center is-layout-constrained wp-container-core-column-is-layout-69b6a7f7 wp-block-column-is-layout-constrained\" style=\"flex-basis:40%\">\n<figure class=\"wp-block-image size-full is-resized has-custom-border\"><img loading=\"lazy\" decoding=\"async\" width=\"576\" height=\"864\" src=\"https:\/\/aodeia.fr\/wp-content\/uploads\/2026\/03\/Gemini_Generated_Image_rdyvalrdyvalrdyv-edited.png\" alt=\"\" class=\"wp-image-287\" style=\"border-top-left-radius:10px;border-top-right-radius:10px;border-bottom-left-radius:10px;border-bottom-right-radius:10px;aspect-ratio:2\/3;object-fit:cover;width:auto;height:300px\" srcset=\"https:\/\/aodeia.fr\/wp-content\/uploads\/2026\/03\/Gemini_Generated_Image_rdyvalrdyvalrdyv-edited.png 576w, https:\/\/aodeia.fr\/wp-content\/uploads\/2026\/03\/Gemini_Generated_Image_rdyvalrdyvalrdyv-edited-200x300.png 200w\" sizes=\"auto, (max-width: 576px) 100vw, 576px\" \/><\/figure>\n<\/div>\n\n\n\n<div class=\"wp-block-column is-layout-flow wp-container-core-column-is-layout-e3d1c41b wp-block-column-is-layout-flow\" style=\"flex-basis:60%\">\n<h2 class=\"wp-block-heading\">Le projet<\/h2>\n\n\n\n<div class=\"wp-block-columns is-layout-flex wp-container-core-columns-is-layout-87beb0d0 wp-block-columns-is-layout-flex\">\n<div class=\"wp-block-column has-medium-font-size has-global-padding is-layout-constrained wp-container-core-column-is-layout-3e29d487 wp-block-column-is-layout-constrained\" style=\"border-style:none;border-width:0px;padding-top:0;padding-bottom:0\">\n<p class=\"wp-container-content-9cfa9a5a\"><em>La Lyre oubli\u00e9e<\/em> est une cr\u00e9ation originale anticipant ce qui est connu du mythe d\u2019Orph\u00e9e :<\/p>\n\n\n\n<p class=\"has-medium-font-size wp-container-content-9cfa9a5a\"><em>Comment Orph\u00e9e a-t-il r\u00e9cup\u00e9r\u00e9 sa lyre ?<\/em><\/p>\n\n\n\n<p class=\"wp-container-content-9cfa9a5a\"><em>Comment le fils du roi de Thraces est-il devenu un mythe ?<\/em><\/p>\n\n\n\n<p>Il s&rsquo;agit d\u2019un spectacle bas\u00e9 sur la mythologie avec une approche ludique et p\u00e9dagogique.<\/p>\n<\/div>\n\n\n\n<div class=\"wp-block-column is-layout-flow wp-block-column-is-layout-flow\">\n<p>Il permet d&rsquo;aborder de sujets mythologiques autour d\u2019une histoire simple.<\/p>\n\n\n\n<ul class=\"wp-block-list\">\n<li>C\u2019est un r\u00e9cit compos\u00e9 d\u2019une alternance entre chansons et narrations.<\/li>\n<\/ul>\n\n\n\n<ul class=\"wp-block-list\">\n<li>Dur\u00e9e : environ 1h00<\/li>\n<\/ul>\n\n\n\n<ul class=\"wp-block-list\">\n<li>12 chansons<\/li>\n<\/ul>\n\n\n\n<ul class=\"wp-block-list\">\n<li>Il s\u2019adresse \u00e0 un public d\u2019enfants (\u00e0 partir de 8 ans) comme d\u2019adultes.<\/li>\n<\/ul>\n<\/div>\n<\/div>\n<\/div>\n<\/div>\n<\/div>\n\n\n\n<div class=\"wp-block-group alignfull has-base-background-color has-background has-global-padding is-layout-constrained wp-container-core-group-is-layout-9ff9007f wp-block-group-is-layout-constrained\" style=\"margin-top:0;margin-bottom:0;padding-top:var(--wp--preset--spacing--10);padding-right:var(--wp--preset--spacing--50);padding-bottom:var(--wp--preset--spacing--10);padding-left:var(--wp--preset--spacing--50)\">\n<h2 class=\"wp-block-heading\">Prolongements p\u00e9dagogiques<\/h2>\n\n\n\n<p style=\"margin-right:0;margin-left:0;padding-right:0;padding-left:0\">Le projet peut faire l\u2019objet de prolongements p\u00e9dagogiques pour pr\u00e9parer l\u2019auditoire avant la prestation.<\/p>\n\n\n\n<div class=\"wp-block-columns alignwide is-layout-flex wp-container-core-columns-is-layout-28f84493 wp-block-columns-is-layout-flex\">\n<div class=\"wp-block-column is-layout-flow wp-block-column-is-layout-flow\" style=\"border-width:1px;border-top-left-radius:10px;border-top-right-radius:10px;border-bottom-left-radius:10px;border-bottom-right-radius:10px;padding-top:var(--wp--preset--spacing--10);padding-right:var(--wp--preset--spacing--20);padding-bottom:var(--wp--preset--spacing--10);padding-left:var(--wp--preset--spacing--20)\">\n<div class=\"wp-block-group has-global-padding is-layout-constrained wp-block-group-is-layout-constrained\" style=\"border-top-left-radius:0px;border-top-right-radius:0px;border-bottom-left-radius:0px;border-bottom-right-radius:0px\">\n<p>Ces prolongements peuvent \u00eatre :&nbsp;<\/p>\n\n\n\n<p><strong>Historiques et civilisationnelles :<\/strong> travailler sur la p\u00e9riode concern\u00e9e, soit l&rsquo;\u00e2ge du bronze. Quelles \u00e9taient les organisations des cit\u00e9es, les modes de vie,&#8230;<\/p>\n\n\n\n<p><strong>Mythologiques :<\/strong> aborder les diff\u00e9rentes figures mythologiques<\/p>\n\n\n\n<p><strong>Litt\u00e9raires :<\/strong> les liens avec les \u00e9crits qui nous sont parvenus, l&rsquo;influence du grec ancien,&#8230;<\/p>\n\n\n\n<p><strong>Musicaux :<\/strong> les r\u00e9f\u00e9rences utilis\u00e9es de la musique antique \u00e0 la musique savante.<\/p>\n<\/div>\n<\/div>\n\n\n\n<div class=\"wp-block-column is-layout-flow wp-block-column-is-layout-flow\" style=\"border-width:1px;border-top-left-radius:10px;border-top-right-radius:10px;border-bottom-left-radius:10px;border-bottom-right-radius:10px;padding-top:var(--wp--preset--spacing--10);padding-right:var(--wp--preset--spacing--20);padding-bottom:var(--wp--preset--spacing--10);padding-left:var(--wp--preset--spacing--20)\">\n<div class=\"wp-block-group has-global-padding is-layout-constrained wp-block-group-is-layout-constrained\">\n<p>La partie p\u00e9dagogique peut s\u2019adresser \u00e0 diff\u00e9rents contextes :&nbsp;<\/p>\n\n\n\n<p><strong>M\u00e9diath\u00e8ques<\/strong> : expositions de livres sur la mythologie et l&rsquo;histoire grecque, lien avec une conf\u00e9rence,&#8230;<\/p>\n\n\n\n<p><strong>\u00c9cole, coll\u00e8ge, lyc\u00e9e<\/strong> : pr\u00e9paration en amont dans les classes avec les enseignants afin de pr\u00e9senter les diff\u00e9rents protagonistes et les contextes (historiques, mythologiques, grec ancien).<\/p>\n<\/div>\n<\/div>\n<\/div>\n<\/div>\n\n\n\n<div class=\"wp-block-columns alignwide is-layout-flex wp-container-core-columns-is-layout-bb514c24 wp-block-columns-is-layout-flex\" style=\"margin-top:var(--wp--preset--spacing--20);margin-bottom:var(--wp--preset--spacing--20);padding-top:var(--wp--preset--spacing--20);padding-right:0;padding-bottom:var(--wp--preset--spacing--20);padding-left:0\">\n<div class=\"wp-block-column is-layout-flow wp-block-column-is-layout-flow\" style=\"flex-basis:66.66%\">\n<p style=\"font-style:italic;font-weight:400\">N\u2019h\u00e9sitez pas \u00e0 nous contacter pour d\u00e9velopper un projet p\u00e9dagogique avec nous.<\/p>\n<\/div>\n\n\n\n<div class=\"wp-block-column is-vertically-aligned-bottom is-layout-flow wp-block-column-is-layout-flow\" style=\"flex-basis:33.33%\">\n<p><a href=\"mailto:contact@aodeia.fr\">contact@aodeia.fr<\/a><\/p>\n<\/div>\n<\/div>\n","protected":false},"excerpt":{"rendered":"<p>La Lyre oubli\u00e9e La lyre oubli\u00e9e est une \u0153uvre qui est propos\u00e9e en deux versions : L&rsquo;histoire Royaume de Thraces, \u00e9poque myc\u00e9nienne (env. 1500 avant notre \u00e8re). Un jeune homme se pr\u00e9pare \u00e0 partir. Il est le fils du roi Oeagre et devra un jour prendre sa suite pour diriger le royaume de Thraces. Avant [&hellip;]<\/p>\n","protected":false},"author":1,"featured_media":0,"parent":0,"menu_order":0,"comment_status":"closed","ping_status":"closed","template":"page-no-title","meta":{"footnotes":""},"class_list":["post-53","page","type-page","status-publish","hentry"],"_links":{"self":[{"href":"https:\/\/aodeia.fr\/index.php\/wp-json\/wp\/v2\/pages\/53","targetHints":{"allow":["GET"]}}],"collection":[{"href":"https:\/\/aodeia.fr\/index.php\/wp-json\/wp\/v2\/pages"}],"about":[{"href":"https:\/\/aodeia.fr\/index.php\/wp-json\/wp\/v2\/types\/page"}],"author":[{"embeddable":true,"href":"https:\/\/aodeia.fr\/index.php\/wp-json\/wp\/v2\/users\/1"}],"replies":[{"embeddable":true,"href":"https:\/\/aodeia.fr\/index.php\/wp-json\/wp\/v2\/comments?post=53"}],"version-history":[{"count":60,"href":"https:\/\/aodeia.fr\/index.php\/wp-json\/wp\/v2\/pages\/53\/revisions"}],"predecessor-version":[{"id":302,"href":"https:\/\/aodeia.fr\/index.php\/wp-json\/wp\/v2\/pages\/53\/revisions\/302"}],"wp:attachment":[{"href":"https:\/\/aodeia.fr\/index.php\/wp-json\/wp\/v2\/media?parent=53"}],"curies":[{"name":"wp","href":"https:\/\/api.w.org\/{rel}","templated":true}]}}