{"id":81,"date":"2026-02-13T18:31:10","date_gmt":"2026-02-13T17:31:10","guid":{"rendered":"http:\/\/aodeia.fr\/?page_id=81"},"modified":"2026-03-22T22:39:27","modified_gmt":"2026-03-22T21:39:27","slug":"duo-acoustique","status":"publish","type":"page","link":"https:\/\/aodeia.fr\/index.php\/duo-acoustique\/","title":{"rendered":"Duo acoustique"},"content":{"rendered":"\n<h1 class=\"wp-block-heading\" style=\"margin-top:var(--wp--preset--spacing--40);margin-bottom:var(--wp--preset--spacing--40)\">Le duo acoustique<\/h1>\n\n\n\n<h2 class=\"wp-block-heading\">La formation<\/h2>\n\n\n\n<div class=\"wp-block-columns alignwide is-layout-flex wp-container-core-columns-is-layout-28f84493 wp-block-columns-is-layout-flex\">\n<div class=\"wp-block-column is-layout-flow wp-block-column-is-layout-flow\">\n<p>La formation Aodeia est compos\u00e9e de deux musiciens exp\u00e9riment\u00e9s et multi-instrumentistes.<\/p>\n\n\n\n<p>Ils exercent r\u00e9guli\u00e8rement dans des ensembles tr\u00e8s divers et tourn\u00e9s, notamment, vers les musiques actuelles. <\/p>\n\n\n\n<p>Ce projet est l&rsquo;occasion pour eux de revenir \u00e0 une forme de simplicit\u00e9.<\/p>\n\n\n\n<p>Tous deux sont \u00e9galement des p\u00e9dagogues qui ont l&rsquo;habitude de travailler avec des \u00e9l\u00e8ves de tous \u00e2ges, enfants comme adultes.<\/p>\n<\/div>\n\n\n\n<div class=\"wp-block-column is-vertically-aligned-center has-global-padding is-content-justification-left is-layout-constrained wp-container-core-column-is-layout-12dd3699 wp-block-column-is-layout-constrained\" style=\"flex-basis:33.33%\">\n<figure class=\"wp-block-image alignleft size-full is-resized\"><img loading=\"lazy\" decoding=\"async\" width=\"1024\" height=\"768\" src=\"https:\/\/aodeia.fr\/wp-content\/uploads\/2026\/03\/Gemini_Generated_Image_a68uzya68uzya68u-edited.png\" alt=\"\" class=\"wp-image-291\" style=\"aspect-ratio:2\/3;object-fit:cover;width:187px\" srcset=\"https:\/\/aodeia.fr\/wp-content\/uploads\/2026\/03\/Gemini_Generated_Image_a68uzya68uzya68u-edited.png 1024w, https:\/\/aodeia.fr\/wp-content\/uploads\/2026\/03\/Gemini_Generated_Image_a68uzya68uzya68u-edited-300x225.png 300w, https:\/\/aodeia.fr\/wp-content\/uploads\/2026\/03\/Gemini_Generated_Image_a68uzya68uzya68u-edited-768x576.png 768w\" sizes=\"auto, (max-width: 1024px) 100vw, 1024px\" \/><\/figure>\n<\/div>\n<\/div>\n\n\n\n<div class=\"wp-block-group has-background has-global-padding is-layout-constrained wp-container-core-group-is-layout-9597dc02 wp-block-group-is-layout-constrained\" style=\"border-style:none;border-width:0px;border-top-left-radius:10px;border-top-right-radius:10px;border-bottom-left-radius:10px;border-bottom-right-radius:10px;background-color:#cfcabe63;padding-top:var(--wp--preset--spacing--10);padding-right:var(--wp--preset--spacing--10);padding-bottom:var(--wp--preset--spacing--10);padding-left:var(--wp--preset--spacing--10)\">\n<div class=\"wp-block-columns is-layout-flex wp-container-core-columns-is-layout-28f84493 wp-block-columns-is-layout-flex\">\n<div class=\"wp-block-column is-layout-flow wp-block-column-is-layout-flow\">\n<figure class=\"wp-block-image size-large\"><img loading=\"lazy\" decoding=\"async\" width=\"725\" height=\"1024\" src=\"http:\/\/aodeia.fr\/wp-content\/uploads\/2026\/03\/20260322_161945-725x1024.jpg\" alt=\"\" class=\"wp-image-281\" style=\"aspect-ratio:1;object-fit:cover\" srcset=\"https:\/\/aodeia.fr\/wp-content\/uploads\/2026\/03\/20260322_161945-725x1024.jpg 725w, https:\/\/aodeia.fr\/wp-content\/uploads\/2026\/03\/20260322_161945-213x300.jpg 213w, https:\/\/aodeia.fr\/wp-content\/uploads\/2026\/03\/20260322_161945-768x1084.jpg 768w, https:\/\/aodeia.fr\/wp-content\/uploads\/2026\/03\/20260322_161945-1088x1536.jpg 1088w, https:\/\/aodeia.fr\/wp-content\/uploads\/2026\/03\/20260322_161945-1451x2048.jpg 1451w, https:\/\/aodeia.fr\/wp-content\/uploads\/2026\/03\/20260322_161945-scaled.jpg 1813w\" sizes=\"auto, (max-width: 725px) 100vw, 725px\" \/><\/figure>\n<\/div>\n\n\n\n<div class=\"wp-block-column is-layout-flow wp-block-column-is-layout-flow\">\n<figure class=\"wp-block-image aligncenter size-full\"><img loading=\"lazy\" decoding=\"async\" width=\"429\" height=\"582\" src=\"http:\/\/aodeia.fr\/wp-content\/uploads\/2026\/03\/Alain_2.png\" alt=\"\" class=\"wp-image-284\" style=\"aspect-ratio:1;object-fit:cover\" srcset=\"https:\/\/aodeia.fr\/wp-content\/uploads\/2026\/03\/Alain_2.png 429w, https:\/\/aodeia.fr\/wp-content\/uploads\/2026\/03\/Alain_2-221x300.png 221w\" sizes=\"auto, (max-width: 429px) 100vw, 429px\" \/><\/figure>\n<\/div>\n<\/div>\n\n\n\n<div class=\"wp-block-columns is-layout-flex wp-container-core-columns-is-layout-7fc3d43a wp-block-columns-is-layout-flex\" style=\"border-top-left-radius:10px;border-top-right-radius:10px;border-bottom-left-radius:10px;border-bottom-right-radius:10px;box-shadow:none\">\n<div class=\"wp-block-column is-layout-flow wp-block-column-is-layout-flow\" style=\"flex-basis:50%\">\n<p>Matthieu M\u00e9tois<\/p>\n\n\n\n<p>Chant, narration, guitare acoustique<\/p>\n<\/div>\n\n\n\n<div class=\"wp-block-column is-layout-flow wp-block-column-is-layout-flow\" style=\"padding-right:var(--wp--preset--spacing--30);padding-left:var(--wp--preset--spacing--30);flex-basis:50%\">\n<p>Alain Pernelle<\/p>\n\n\n\n<p>Handpan et percussions<\/p>\n<\/div>\n<\/div>\n<\/div>\n\n\n\n<div class=\"wp-block-group alignfull has-global-padding is-layout-constrained wp-container-core-group-is-layout-a29d4d09 wp-block-group-is-layout-constrained\" style=\"margin-top:var(--wp--preset--spacing--40);margin-bottom:var(--wp--preset--spacing--30)\">\n<h2 class=\"wp-block-heading\">Le spectacle<\/h2>\n\n\n\n<div class=\"wp-block-columns alignwide is-layout-flex wp-container-core-columns-is-layout-f3bca8aa wp-block-columns-is-layout-flex\" style=\"padding-top:var(--wp--preset--spacing--20)\">\n<div class=\"wp-block-column is-layout-flow wp-block-column-is-layout-flow\">\n<p>Les spectacle est con\u00e7u pour \u00eatre jou\u00e9 devant un petit comit\u00e9 (20 \u00e0 30 personnes) dans des espaces r\u00e9duits.<\/p>\n\n\n\n<p>Les deux musiciens peuvent jouer sonoris\u00e9s ou non.<\/p>\n<\/div>\n\n\n\n<div class=\"wp-block-column is-layout-flow wp-block-column-is-layout-flow\">\n<p>Cette seconde version permet de s&rsquo;adapter \u00e0 des lieux sans alimentation \u00e9lectrique et avec une installation rapide.<\/p>\n\n\n\n<ul class=\"wp-block-list\">\n<li>En int\u00e9rieur : m\u00e9diath\u00e8que, mus\u00e9e, pi\u00e8ce de ch\u00e2teau, salle de cours,&#8230;<\/li>\n\n\n\n<li>En ext\u00e9rieur : petite cour, jardin, parc,&#8230;<\/li>\n<\/ul>\n<\/div>\n<\/div>\n<\/div>\n\n\n\n<div class=\"wp-block-columns is-layout-flex wp-container-core-columns-is-layout-f479c719 wp-block-columns-is-layout-flex\" style=\"margin-top:var(--wp--preset--spacing--20);margin-bottom:var(--wp--preset--spacing--30)\">\n<div class=\"wp-block-column is-layout-flow wp-block-column-is-layout-flow\" style=\"flex-basis:66.66%\">\n<h2 class=\"wp-block-heading\">Technique<\/h2>\n\n\n\n<p>Contactez-nous pour conna\u00eetre la fiche technique.<\/p>\n\n\n\n<p><a href=\"mailto:contact@aodeia.fr\">contact@aodeia.fr<\/a><\/p>\n<\/div>\n<\/div>\n","protected":false},"excerpt":{"rendered":"<p>Le duo acoustique La formation La formation Aodeia est compos\u00e9e de deux musiciens exp\u00e9riment\u00e9s et multi-instrumentistes. Ils exercent r\u00e9guli\u00e8rement dans des ensembles tr\u00e8s divers et tourn\u00e9s, notamment, vers les musiques actuelles. Ce projet est l&rsquo;occasion pour eux de revenir \u00e0 une forme de simplicit\u00e9. Tous deux sont \u00e9galement des p\u00e9dagogues qui ont l&rsquo;habitude de travailler [&hellip;]<\/p>\n","protected":false},"author":1,"featured_media":0,"parent":0,"menu_order":0,"comment_status":"closed","ping_status":"closed","template":"page-no-title","meta":{"footnotes":""},"class_list":["post-81","page","type-page","status-publish","hentry"],"_links":{"self":[{"href":"https:\/\/aodeia.fr\/index.php\/wp-json\/wp\/v2\/pages\/81","targetHints":{"allow":["GET"]}}],"collection":[{"href":"https:\/\/aodeia.fr\/index.php\/wp-json\/wp\/v2\/pages"}],"about":[{"href":"https:\/\/aodeia.fr\/index.php\/wp-json\/wp\/v2\/types\/page"}],"author":[{"embeddable":true,"href":"https:\/\/aodeia.fr\/index.php\/wp-json\/wp\/v2\/users\/1"}],"replies":[{"embeddable":true,"href":"https:\/\/aodeia.fr\/index.php\/wp-json\/wp\/v2\/comments?post=81"}],"version-history":[{"count":25,"href":"https:\/\/aodeia.fr\/index.php\/wp-json\/wp\/v2\/pages\/81\/revisions"}],"predecessor-version":[{"id":300,"href":"https:\/\/aodeia.fr\/index.php\/wp-json\/wp\/v2\/pages\/81\/revisions\/300"}],"wp:attachment":[{"href":"https:\/\/aodeia.fr\/index.php\/wp-json\/wp\/v2\/media?parent=81"}],"curies":[{"name":"wp","href":"https:\/\/api.w.org\/{rel}","templated":true}]}}